{"id":10,"date":"2025-03-12T13:17:54","date_gmt":"2025-03-12T13:17:54","guid":{"rendered":"https:\/\/www.nachbarschaft-stiften.de\/?page_id=10"},"modified":"2026-01-14T16:42:24","modified_gmt":"2026-01-14T16:42:24","slug":"home","status":"publish","type":"page","link":"https:\/\/www.nachbarschaft-stiften.de\/","title":{"rendered":"Home"},"content":{"rendered":"<section class=\"l-section wpb_row height_small\"><div class=\"l-section-h i-cf\"><div class=\"g-cols vc_row via_flex valign_top type_default stacking_default\"><div class=\"vc_col-sm-3 wpb_column vc_column_container\"><div class=\"vc_column-inner\"><div class=\"wpb_wrapper\"><div class=\"w-iconbox iconpos_top style_default color_primary align_center no_text icontype_img\"><a href=\"https:\/\/www.nachbarschaft-stiften.de\/index.php\/team-hausbesuche\/\" class=\"w-iconbox-link\" aria-label=\"Team Hausbesuche\"><div class=\"w-iconbox-icon\" style=\"font-size:12rem;\"><img loading=\"lazy\" decoding=\"async\" width=\"1417\" height=\"1417\" src=\"https:\/\/www.nachbarschaft-stiften.de\/wp-content\/uploads\/2026\/01\/1_251203_1Buttons-TeamH-7-bearb2.jpg\" class=\"attachment-full size-full\" alt=\"\" srcset=\"https:\/\/www.nachbarschaft-stiften.de\/wp-content\/uploads\/2026\/01\/1_251203_1Buttons-TeamH-7-bearb2.jpg 1417w, https:\/\/www.nachbarschaft-stiften.de\/wp-content\/uploads\/2026\/01\/1_251203_1Buttons-TeamH-7-bearb2-300x300.jpg 300w, https:\/\/www.nachbarschaft-stiften.de\/wp-content\/uploads\/2026\/01\/1_251203_1Buttons-TeamH-7-bearb2-1024x1024.jpg 1024w, https:\/\/www.nachbarschaft-stiften.de\/wp-content\/uploads\/2026\/01\/1_251203_1Buttons-TeamH-7-bearb2-150x150.jpg 150w\" sizes=\"auto, (max-width: 1417px) 100vw, 1417px\" \/><\/div><\/a><div class=\"w-iconbox-meta\"><h3 class=\"w-iconbox-title\"><a href=\"https:\/\/www.nachbarschaft-stiften.de\/index.php\/team-hausbesuche\/\" class=\"w-iconbox-link\" aria-label=\"Team Hausbesuche\">Team Hausbesuche<\/a><\/h3><\/div><\/div><\/div><\/div><\/div><div class=\"vc_col-sm-3 wpb_column vc_column_container\"><div class=\"vc_column-inner\"><div class=\"wpb_wrapper\"><div class=\"w-iconbox iconpos_top style_default color_primary align_center no_text icontype_img\"><a href=\"https:\/\/www.nachbarschaft-stiften.de\/index.php\/angebote-fuer-seniorinnen\/\" class=\"w-iconbox-link\" aria-label=\"Angebote f\u00fcr SeniorInnen\"><div class=\"w-iconbox-icon\" style=\"font-size:12rem;\"><img loading=\"lazy\" decoding=\"async\" width=\"1417\" height=\"1417\" src=\"https:\/\/www.nachbarschaft-stiften.de\/wp-content\/uploads\/2026\/01\/2_251203_Buttons-6-bearb2.jpg\" class=\"attachment-full size-full\" alt=\"\" srcset=\"https:\/\/www.nachbarschaft-stiften.de\/wp-content\/uploads\/2026\/01\/2_251203_Buttons-6-bearb2.jpg 1417w, https:\/\/www.nachbarschaft-stiften.de\/wp-content\/uploads\/2026\/01\/2_251203_Buttons-6-bearb2-300x300.jpg 300w, https:\/\/www.nachbarschaft-stiften.de\/wp-content\/uploads\/2026\/01\/2_251203_Buttons-6-bearb2-1024x1024.jpg 1024w, https:\/\/www.nachbarschaft-stiften.de\/wp-content\/uploads\/2026\/01\/2_251203_Buttons-6-bearb2-150x150.jpg 150w\" sizes=\"auto, (max-width: 1417px) 100vw, 1417px\" \/><\/div><\/a><div class=\"w-iconbox-meta\"><h3 class=\"w-iconbox-title\"><a href=\"https:\/\/www.nachbarschaft-stiften.de\/index.php\/angebote-fuer-seniorinnen\/\" class=\"w-iconbox-link\" aria-label=\"Angebote f\u00fcr SeniorInnen\">Angebote f\u00fcr SeniorInnen<\/a><\/h3><\/div><\/div><\/div><\/div><\/div><div class=\"vc_col-sm-3 wpb_column vc_column_container\"><div class=\"vc_column-inner\"><div class=\"wpb_wrapper\"><div class=\"w-iconbox iconpos_top style_default color_primary align_center no_text icontype_img\"><a href=\"https:\/\/www.nachbarschaft-stiften.de\/index.php\/akteure-und-freunde\/\" class=\"w-iconbox-link\" aria-label=\"Akteure und Freunde\"><div class=\"w-iconbox-icon\" style=\"font-size:12rem;\"><img loading=\"lazy\" decoding=\"async\" width=\"1417\" height=\"1417\" src=\"https:\/\/www.nachbarschaft-stiften.de\/wp-content\/uploads\/2026\/01\/3_251203_Button-Netz.jpg\" class=\"attachment-full size-full\" alt=\"\" srcset=\"https:\/\/www.nachbarschaft-stiften.de\/wp-content\/uploads\/2026\/01\/3_251203_Button-Netz.jpg 1417w, https:\/\/www.nachbarschaft-stiften.de\/wp-content\/uploads\/2026\/01\/3_251203_Button-Netz-300x300.jpg 300w, https:\/\/www.nachbarschaft-stiften.de\/wp-content\/uploads\/2026\/01\/3_251203_Button-Netz-1024x1024.jpg 1024w, https:\/\/www.nachbarschaft-stiften.de\/wp-content\/uploads\/2026\/01\/3_251203_Button-Netz-150x150.jpg 150w\" sizes=\"auto, (max-width: 1417px) 100vw, 1417px\" \/><\/div><\/a><div class=\"w-iconbox-meta\"><h3 class=\"w-iconbox-title\"><a href=\"https:\/\/www.nachbarschaft-stiften.de\/index.php\/akteure-und-freunde\/\" class=\"w-iconbox-link\" aria-label=\"Akteure und Freunde\">Akteure und Freunde<\/a><\/h3><\/div><\/div><\/div><\/div><\/div><div class=\"vc_col-sm-3 wpb_column vc_column_container\"><div class=\"vc_column-inner\"><div class=\"wpb_wrapper\"><div class=\"w-iconbox iconpos_top style_default color_primary align_center no_text icontype_img\"><a href=\"https:\/\/www.nachbarschaft-stiften.de\/index.php\/termine\/\" class=\"w-iconbox-link\" aria-label=\"Termine\"><div class=\"w-iconbox-icon\" style=\"font-size:12rem;\"><img loading=\"lazy\" decoding=\"async\" width=\"1417\" height=\"1417\" src=\"https:\/\/www.nachbarschaft-stiften.de\/wp-content\/uploads\/2026\/01\/4-Termine.jpg\" class=\"attachment-full size-full\" alt=\"\" srcset=\"https:\/\/www.nachbarschaft-stiften.de\/wp-content\/uploads\/2026\/01\/4-Termine.jpg 1417w, https:\/\/www.nachbarschaft-stiften.de\/wp-content\/uploads\/2026\/01\/4-Termine-300x300.jpg 300w, https:\/\/www.nachbarschaft-stiften.de\/wp-content\/uploads\/2026\/01\/4-Termine-1024x1024.jpg 1024w, https:\/\/www.nachbarschaft-stiften.de\/wp-content\/uploads\/2026\/01\/4-Termine-150x150.jpg 150w\" sizes=\"auto, (max-width: 1417px) 100vw, 1417px\" \/><\/div><\/a><div class=\"w-iconbox-meta\"><h3 class=\"w-iconbox-title\"><a href=\"https:\/\/www.nachbarschaft-stiften.de\/index.php\/termine\/\" class=\"w-iconbox-link\" aria-label=\"Termine\">Termine<\/a><\/h3><\/div><\/div><\/div><\/div><\/div><\/div><\/div><\/section><section class=\"l-section wpb_row height_small\"><div class=\"l-section-h i-cf\"><div class=\"g-cols vc_row via_flex valign_top type_default stacking_default\"><div class=\"vc_col-sm-2 wpb_column vc_column_container\"><div class=\"vc_column-inner\"><div class=\"wpb_wrapper\"><\/div><\/div><\/div><div class=\"vc_col-sm-8 wpb_column vc_column_container\"><div class=\"vc_column-inner\"><div class=\"wpb_wrapper\"><div class=\"wpb_text_column\"><div class=\"wpb_wrapper\"><p style=\"text-align: center;\">Wir aktualisieren, erg\u00e4nzen und verbessern unsere Website st\u00e4ndig &#8211; wie unser &#8222;Team Hausbesuche&#8220; ist sie im Aufbau begriffen und w\u00e4chst mit uns.<\/p>\n<\/div><\/div><div class=\"w-separator size_medium\"><\/div><\/div><\/div><\/div><div class=\"vc_col-sm-2 wpb_column vc_column_container\"><div class=\"vc_column-inner\"><div class=\"wpb_wrapper\"><\/div><\/div><\/div><\/div><\/div><\/section>\n","protected":false},"excerpt":{"rendered":"Team HausbesucheAngebote f\u00fcr SeniorInnenAkteure und FreundeTermineWir aktualisieren, erg\u00e4nzen und verbessern unsere Website st\u00e4ndig &#8211; wie unser &#8222;Team Hausbesuche&#8220; ist sie im Aufbau begriffen und w\u00e4chst mit uns.","protected":false},"author":2,"featured_media":0,"parent":0,"menu_order":0,"comment_status":"closed","ping_status":"closed","template":"","meta":{"footnotes":""},"class_list":["post-10","page","type-page","status-publish","hentry"],"_links":{"self":[{"href":"https:\/\/www.nachbarschaft-stiften.de\/index.php\/wp-json\/wp\/v2\/pages\/10","targetHints":{"allow":["GET"]}}],"collection":[{"href":"https:\/\/www.nachbarschaft-stiften.de\/index.php\/wp-json\/wp\/v2\/pages"}],"about":[{"href":"https:\/\/www.nachbarschaft-stiften.de\/index.php\/wp-json\/wp\/v2\/types\/page"}],"author":[{"embeddable":true,"href":"https:\/\/www.nachbarschaft-stiften.de\/index.php\/wp-json\/wp\/v2\/users\/2"}],"replies":[{"embeddable":true,"href":"https:\/\/www.nachbarschaft-stiften.de\/index.php\/wp-json\/wp\/v2\/comments?post=10"}],"version-history":[{"count":18,"href":"https:\/\/www.nachbarschaft-stiften.de\/index.php\/wp-json\/wp\/v2\/pages\/10\/revisions"}],"predecessor-version":[{"id":664,"href":"https:\/\/www.nachbarschaft-stiften.de\/index.php\/wp-json\/wp\/v2\/pages\/10\/revisions\/664"}],"wp:attachment":[{"href":"https:\/\/www.nachbarschaft-stiften.de\/index.php\/wp-json\/wp\/v2\/media?parent=10"}],"curies":[{"name":"wp","href":"https:\/\/api.w.org\/{rel}","templated":true}]}}